{"id":664,"date":"2023-10-27T18:13:18","date_gmt":"2023-10-27T18:13:18","guid":{"rendered":"http:\/\/logros.eastus2.cloudapp.azure.com\/?page_id=664"},"modified":"2026-01-14T16:37:29","modified_gmt":"2026-01-14T16:37:29","slug":"descarga","status":"publish","type":"page","link":"http:\/\/logros.ri.gob.do\/index.php\/descarga\/","title":{"rendered":"Descargas"},"content":{"rendered":"\n<div class=\"wp-block-columns alignfull is-layout-flex wp-container-core-columns-is-layout-28f84493 wp-block-columns-is-layout-flex\">\n<div class=\"wp-block-column is-layout-flow wp-block-column-is-layout-flow\" style=\"flex-basis:100%\">\n<h2 class=\"wp-block-heading has-text-align-center has-text-color has-link-color has-ivymode-semibold-font-family has-x-large-font-size wp-elements-bd1116ad8f4be520d4392b4ee5db35ef\" style=\"color:#0b378a;padding-top:25px;padding-bottom:25px\">Descargas<\/h2>\n\n\n\n<div class=\"wp-block-group alignwide stacked is-style-default has-global-padding is-layout-constrained wp-container-core-group-is-layout-3b792061 wp-block-group-is-layout-constrained has-background\" style=\"border-style:none;border-width:0px;margin-top:0;margin-bottom:0;padding-top:var(--wp--preset--spacing--x-small);padding-right:var(--wp--preset--spacing--small);padding-bottom:var(--wp--preset--spacing--x-small);padding-left:var(--wp--preset--spacing--small);background-image:url(&apos;https:\/\/logros.ri.gob.do\/wp-content\/uploads\/2023\/10\/10.png&apos;);background-size:cover;\">\n<hr class=\"wp-block-separator aligncenter has-text-color has-secondary-color has-alpha-channel-opacity has-secondary-background-color has-background\"\/>\n\n\n\n<div class=\"wp-block-columns is-layout-flex wp-container-core-columns-is-layout-5f588e12 wp-block-columns-is-layout-flex\">\n<div class=\"wp-block-column has-global-padding is-layout-constrained wp-block-column-is-layout-constrained\">\n<h2 class=\"wp-block-heading has-text-align-center has-base-color has-text-color has-link-color has-ivymode-semibold-font-family wp-elements-ccfcae3583c2a2bfc1a6c31319bd068a\" style=\"padding-top:var(--wp--preset--spacing--x-small);padding-bottom:var(--wp--preset--spacing--x-small)\">Normativas de Mensuras Catastrales<\/h2>\n\n\n<p><div class='w3eden'><!-- WPDM Link Template: Default Template -->\n\n<div class=\"link-template-default card mb-2\">\n    <div class=\"card-body\">\n        <div class=\"media\">\n            <div class=\"mr-3 img-48\"><img decoding=\"async\" class=\"wpdm_icon\" alt=\"Icono\"   src=\"https:\/\/logros.ri.gob.do\/wp-content\/plugins\/download-manager\/assets\/file-type-icons\/pdf.svg\" \/><\/div>\n            <div class=\"media-body\">\n                <h3 class=\"package-title\"><a href='http:\/\/logros.ri.gob.do\/index.php\/download\/dnmc-dt-2023-009-publicidad-en-los-actos-de-levantamientos\/'>DNMC-DT-2023-009 Publicidad en los Actos de Levantamientos.<\/a><\/h3>\n                <div class=\"text-muted text-small\"><i class=\"fas fa-copy\"><\/i> 1 archivo(s) <i class=\"fas fa-hdd ml-3\"><\/i> 1,019.36 KB<\/div>\n            <\/div>\n            <div class=\"ml-3\">\n                <a class='wpdm-download-link download-on-click btn btn-primary btn-sm' rel='nofollow' href='#' data-downloadurl=\"http:\/\/logros.ri.gob.do\/index.php\/download\/dnmc-dt-2023-009-publicidad-en-los-actos-de-levantamientos\/?wpdmdl=1304&refresh=69f1a8ca287591777445066\">Descargar<\/a>\n            <\/div>\n        <\/div>\n    <\/div>\n<\/div>\n\n<\/div><br \/>\n<div class='w3eden'><!-- WPDM Link Template: Default Template -->\n\n<div class=\"link-template-default card mb-2\">\n    <div class=\"card-body\">\n        <div class=\"media\">\n            <div class=\"mr-3 img-48\"><img decoding=\"async\" class=\"wpdm_icon\" alt=\"Icono\"   src=\"https:\/\/logros.ri.gob.do\/wp-content\/plugins\/download-manager\/assets\/file-type-icons\/pdf.svg\" \/><\/div>\n            <div class=\"media-body\">\n                <h3 class=\"package-title\"><a href='http:\/\/logros.ri.gob.do\/index.php\/download\/dnmc-dt-2023-008-formatos-y-contenido-de-los-planos\/'>DNMC-DT-2023-008 Formatos y Contenido de los Planos.<\/a><\/h3>\n                <div class=\"text-muted text-small\"><i class=\"fas fa-copy\"><\/i> 1 archivo(s) <i class=\"fas fa-hdd ml-3\"><\/i> 1.89 MB<\/div>\n            <\/div>\n            <div class=\"ml-3\">\n                <a class='wpdm-download-link download-on-click btn btn-primary btn-sm' rel='nofollow' href='#' data-downloadurl=\"http:\/\/logros.ri.gob.do\/index.php\/download\/dnmc-dt-2023-008-formatos-y-contenido-de-los-planos\/?wpdmdl=1303&refresh=69f1a8ca2c2ec1777445066\">Descargar<\/a>\n            <\/div>\n        <\/div>\n    <\/div>\n<\/div>\n\n<\/div><br \/>\n<div class='w3eden'><!-- WPDM Link Template: Default Template -->\n\n<div class=\"link-template-default card mb-2\">\n    <div class=\"card-body\">\n        <div class=\"media\">\n            <div class=\"mr-3 img-48\"><img decoding=\"async\" class=\"wpdm_icon\" alt=\"Icono\"   src=\"https:\/\/logros.ri.gob.do\/wp-content\/plugins\/download-manager\/assets\/file-type-icons\/pdf.svg\" \/><\/div>\n            <div class=\"media-body\">\n                <h3 class=\"package-title\"><a href='http:\/\/logros.ri.gob.do\/index.php\/download\/dnmc-dt-2023-007-ejecucion-de-levantamientos-parcelarios\/'>DNMC-DT-2023-007 Ejecuci\u00f3n de Levantamientos Parcelarios.<\/a><\/h3>\n                <div class=\"text-muted text-small\"><i class=\"fas fa-copy\"><\/i> 1 archivo(s) <i class=\"fas fa-hdd ml-3\"><\/i> 511.26 KB<\/div>\n            <\/div>\n            <div class=\"ml-3\">\n                <a class='wpdm-download-link download-on-click btn btn-primary btn-sm' rel='nofollow' href='#' data-downloadurl=\"http:\/\/logros.ri.gob.do\/index.php\/download\/dnmc-dt-2023-007-ejecucion-de-levantamientos-parcelarios\/?wpdmdl=1302&refresh=69f1a8ca2e8231777445066\">Descargar<\/a>\n            <\/div>\n        <\/div>\n    <\/div>\n<\/div>\n\n<\/div><br \/>\n<div class='w3eden'><!-- WPDM Link Template: Default Template -->\n\n<div class=\"link-template-default card mb-2\">\n    <div class=\"card-body\">\n        <div class=\"media\">\n            <div class=\"mr-3 img-48\"><img decoding=\"async\" class=\"wpdm_icon\" alt=\"Icono\"   src=\"https:\/\/logros.ri.gob.do\/wp-content\/plugins\/download-manager\/assets\/file-type-icons\/pdf.svg\" \/><\/div>\n            <div class=\"media-body\">\n                <h3 class=\"package-title\"><a href='http:\/\/logros.ri.gob.do\/index.php\/download\/dnmc-dt-2023-006-registro-de-los-profesionales-habilitados\/'>DNMC-DT-2023-006 Registro de los Profesionales Habilitados.<\/a><\/h3>\n                <div class=\"text-muted text-small\"><i class=\"fas fa-copy\"><\/i> 1 archivo(s) <i class=\"fas fa-hdd ml-3\"><\/i> 551.24 KB<\/div>\n            <\/div>\n            <div class=\"ml-3\">\n                <a class='wpdm-download-link download-on-click btn btn-primary btn-sm' rel='nofollow' href='#' data-downloadurl=\"http:\/\/logros.ri.gob.do\/index.php\/download\/dnmc-dt-2023-006-registro-de-los-profesionales-habilitados\/?wpdmdl=1301&refresh=69f1a8ca3166a1777445066\">Descargar<\/a>\n            <\/div>\n        <\/div>\n    <\/div>\n<\/div>\n\n<\/div><br \/>\n<div class='w3eden'><!-- WPDM Link Template: Default Template -->\n\n<div class=\"link-template-default card mb-2\">\n    <div class=\"card-body\">\n        <div class=\"media\">\n            <div class=\"mr-3 img-48\"><img decoding=\"async\" class=\"wpdm_icon\" alt=\"Icono\"   src=\"https:\/\/logros.ri.gob.do\/wp-content\/plugins\/download-manager\/assets\/file-type-icons\/pdf.svg\" \/><\/div>\n            <div class=\"media-body\">\n                <h3 class=\"package-title\"><a href='http:\/\/logros.ri.gob.do\/index.php\/download\/dnmc-dt-2023-005-peritajes-catastrales\/'>DNMC-DT-2023-005 Peritajes Catastrales.<\/a><\/h3>\n                <div class=\"text-muted text-small\"><i class=\"fas fa-copy\"><\/i> 1 archivo(s) <i class=\"fas fa-hdd ml-3\"><\/i> 555.30 KB<\/div>\n            <\/div>\n            <div class=\"ml-3\">\n                <a class='wpdm-download-link download-on-click btn btn-primary btn-sm' rel='nofollow' href='#' data-downloadurl=\"http:\/\/logros.ri.gob.do\/index.php\/download\/dnmc-dt-2023-005-peritajes-catastrales\/?wpdmdl=1300&refresh=69f1a8ca3425e1777445066\">Descargar<\/a>\n            <\/div>\n        <\/div>\n    <\/div>\n<\/div>\n\n<\/div><br \/>\n<div class='w3eden'><!-- WPDM Link Template: Default Template -->\n\n<div class=\"link-template-default card mb-2\">\n    <div class=\"card-body\">\n        <div class=\"media\">\n            <div class=\"mr-3 img-48\"><img decoding=\"async\" class=\"wpdm_icon\" alt=\"Icono\"   src=\"https:\/\/logros.ri.gob.do\/wp-content\/plugins\/download-manager\/assets\/file-type-icons\/pdf.svg\" \/><\/div>\n            <div class=\"media-body\">\n                <h3 class=\"package-title\"><a href='http:\/\/logros.ri.gob.do\/index.php\/download\/dnmc-dt-2023-004-aspectos-division-para-constitucion-en-condominio\/'>DNMC-DT-2023-004 Aspectos Divisi\u00f3n para Constituci\u00f3n en Condominio.<\/a><\/h3>\n                <div class=\"text-muted text-small\"><i class=\"fas fa-copy\"><\/i> 1 archivo(s) <i class=\"fas fa-hdd ml-3\"><\/i> 665.23 KB<\/div>\n            <\/div>\n            <div class=\"ml-3\">\n                <a class='wpdm-download-link download-on-click btn btn-primary btn-sm' rel='nofollow' href='#' data-downloadurl=\"http:\/\/logros.ri.gob.do\/index.php\/download\/dnmc-dt-2023-004-aspectos-division-para-constitucion-en-condominio\/?wpdmdl=1299&refresh=69f1a8ca369a31777445066\">Descargar<\/a>\n            <\/div>\n        <\/div>\n    <\/div>\n<\/div>\n\n<\/div><br \/>\n<div class='w3eden'><!-- WPDM Link Template: Default Template -->\n\n<div class=\"link-template-default card mb-2\">\n    <div class=\"card-body\">\n        <div class=\"media\">\n            <div class=\"mr-3 img-48\"><img decoding=\"async\" class=\"wpdm_icon\" alt=\"Icono\"   src=\"https:\/\/logros.ri.gob.do\/wp-content\/plugins\/download-manager\/assets\/file-type-icons\/pdf.svg\" \/><\/div>\n            <div class=\"media-body\">\n                <h3 class=\"package-title\"><a href='http:\/\/logros.ri.gob.do\/index.php\/download\/dnmc-dt-2023-003-designacion-catastral\/'>DNMC-DT-2023-003 Designaci\u00f3n Catastral.<\/a><\/h3>\n                <div class=\"text-muted text-small\"><i class=\"fas fa-copy\"><\/i> 1 archivo(s) <i class=\"fas fa-hdd ml-3\"><\/i> 533.17 KB<\/div>\n            <\/div>\n            <div class=\"ml-3\">\n                <a class='wpdm-download-link download-on-click btn btn-primary btn-sm' rel='nofollow' href='#' data-downloadurl=\"http:\/\/logros.ri.gob.do\/index.php\/download\/dnmc-dt-2023-003-designacion-catastral\/?wpdmdl=456&refresh=69f1a8ca38e491777445066\">Descargar<\/a>\n            <\/div>\n        <\/div>\n    <\/div>\n<\/div>\n\n<\/div><br \/>\n<div class='w3eden'><!-- WPDM Link Template: Default Template -->\n\n<div class=\"link-template-default card mb-2\">\n    <div class=\"card-body\">\n        <div class=\"media\">\n            <div class=\"mr-3 img-48\"><img decoding=\"async\" class=\"wpdm_icon\" alt=\"Icono\"   src=\"https:\/\/logros.ri.gob.do\/wp-content\/plugins\/download-manager\/assets\/file-type-icons\/pdf.svg\" \/><\/div>\n            <div class=\"media-body\">\n                <h3 class=\"package-title\"><a href='http:\/\/logros.ri.gob.do\/index.php\/download\/dnmc-dt-2023-002-recepcion-y-entrega\/'>DNMC-DT-2023-002 Recepci\u00f3n y Entrega.<\/a><\/h3>\n                <div class=\"text-muted text-small\"><i class=\"fas fa-copy\"><\/i> 1 archivo(s) <i class=\"fas fa-hdd ml-3\"><\/i> 541.38 KB<\/div>\n            <\/div>\n            <div class=\"ml-3\">\n                <a class='wpdm-download-link download-on-click btn btn-primary btn-sm' rel='nofollow' href='#' data-downloadurl=\"http:\/\/logros.ri.gob.do\/index.php\/download\/dnmc-dt-2023-002-recepcion-y-entrega\/?wpdmdl=454&refresh=69f1a8ca3b2451777445066\">Descargar<\/a>\n            <\/div>\n        <\/div>\n    <\/div>\n<\/div>\n\n<\/div><br \/>\n<div class='w3eden'><!-- WPDM Link Template: Default Template -->\n\n<div class=\"link-template-default card mb-2\">\n    <div class=\"card-body\">\n        <div class=\"media\">\n            <div class=\"mr-3 img-48\"><img decoding=\"async\" class=\"wpdm_icon\" alt=\"Icono\"   src=\"https:\/\/logros.ri.gob.do\/wp-content\/plugins\/download-manager\/assets\/file-type-icons\/pdf.svg\" \/><\/div>\n            <div class=\"media-body\">\n                <h3 class=\"package-title\"><a href='http:\/\/logros.ri.gob.do\/index.php\/download\/dnmc-dt-2023-001-requisitos-para-actuaciones-tecnicas\/'>DNMC-DT-2023-001 Requisitos para Actuaciones T\u00e9cnicas.<\/a><\/h3>\n                <div class=\"text-muted text-small\"><i class=\"fas fa-copy\"><\/i> 1 archivo(s) <i class=\"fas fa-hdd ml-3\"><\/i> 714.92 KB<\/div>\n            <\/div>\n            <div class=\"ml-3\">\n                <a class='wpdm-download-link download-on-click btn btn-primary btn-sm' rel='nofollow' href='#' data-downloadurl=\"http:\/\/logros.ri.gob.do\/index.php\/download\/dnmc-dt-2023-001-requisitos-para-actuaciones-tecnicas\/?wpdmdl=452&refresh=69f1a8ca3dc631777445066\">Descargar<\/a>\n            <\/div>\n        <\/div>\n    <\/div>\n<\/div>\n\n<\/div><\/p>\n\n\n\n<h2 class=\"wp-block-heading has-text-align-center has-base-color has-text-color has-link-color has-ivymode-semibold-font-family wp-elements-6b39910295a600ade217ce40f21568ef\" style=\"padding-top:var(--wp--preset--spacing--x-small);padding-bottom:var(--wp--preset--spacing--x-small)\">Libro Ley 108-05 de Registro Inmobiliario<\/h2>\n\n\n<div class='w3eden'><!-- WPDM Link Template: Default Template -->\n\n<div class=\"link-template-default card mb-2\">\n    <div class=\"card-body\">\n        <div class=\"media\">\n            <div class=\"mr-3 img-48\"><img decoding=\"async\" class=\"wpdm_icon\" alt=\"Icono\"   src=\"https:\/\/logros.ri.gob.do\/wp-content\/plugins\/download-manager\/assets\/file-type-icons\/pdf.svg\" \/><\/div>\n            <div class=\"media-body\">\n                <h3 class=\"package-title\"><a href='http:\/\/logros.ri.gob.do\/index.php\/download\/libro-ley-108-05-de-registro-inmobiliario\/'>Libro Ley 108-05 de Registro Inmobiliario<\/a><\/h3>\n                <div class=\"text-muted text-small\"><i class=\"fas fa-copy\"><\/i> 1 archivo(s) <i class=\"fas fa-hdd ml-3\"><\/i> 2.76 MB<\/div>\n            <\/div>\n            <div class=\"ml-3\">\n                <a class='wpdm-download-link download-on-click btn btn-primary btn-sm' rel='nofollow' href='#' data-downloadurl=\"http:\/\/logros.ri.gob.do\/index.php\/download\/libro-ley-108-05-de-registro-inmobiliario\/?wpdmdl=425&refresh=69f1a8ca3fef11777445066\">Descargar<\/a>\n            <\/div>\n        <\/div>\n    <\/div>\n<\/div>\n\n<\/div>\n<\/div>\n\n\n\n<div class=\"wp-block-column is-layout-flow wp-block-column-is-layout-flow\">\n<h2 class=\"wp-block-heading has-text-align-center has-base-color has-text-color has-link-color has-ivymode-semibold-font-family wp-elements-035e240927694c50d9a2544f2a7d2a73\" style=\"padding-top:var(--wp--preset--spacing--x-small);padding-bottom:var(--wp--preset--spacing--x-small)\">Normativas de Registro de T\u00edtulos <\/h2>\n\n\n<p><div class='w3eden'><!-- WPDM Link Template: Default Template -->\n\n<div class=\"link-template-default card mb-2\">\n    <div class=\"card-body\">\n        <div class=\"media\">\n            <div class=\"mr-3 img-48\"><img decoding=\"async\" class=\"wpdm_icon\" alt=\"Icono\"   src=\"https:\/\/logros.ri.gob.do\/wp-content\/plugins\/download-manager\/assets\/file-type-icons\/pdf.svg\" \/><\/div>\n            <div class=\"media-body\">\n                <h3 class=\"package-title\"><a href='http:\/\/logros.ri.gob.do\/index.php\/download\/dnrt-dt-2023-003-publicidad-registral-y-acceso-a-la-informacion-y-los-documentos-del-registro-de-titulos\/'>DNRT-DT-2025-003 Requisitos para Actuaciones Registrales.<\/a><\/h3>\n                <div class=\"text-muted text-small\"><i class=\"fas fa-copy\"><\/i> 1 archivo(s) <i class=\"fas fa-hdd ml-3\"><\/i> 583.78 KB<\/div>\n            <\/div>\n            <div class=\"ml-3\">\n                <a class='wpdm-download-link download-on-click btn btn-primary btn-sm' rel='nofollow' href='#' data-downloadurl=\"http:\/\/logros.ri.gob.do\/index.php\/download\/dnrt-dt-2023-003-publicidad-registral-y-acceso-a-la-informacion-y-los-documentos-del-registro-de-titulos\/?wpdmdl=450&refresh=69f1a8ca4266d1777445066\">Descargar<\/a>\n            <\/div>\n        <\/div>\n    <\/div>\n<\/div>\n\n<\/div><br \/>\n<div class='w3eden'><!-- WPDM Link Template: Default Template -->\n\n<div class=\"link-template-default card mb-2\">\n    <div class=\"card-body\">\n        <div class=\"media\">\n            <div class=\"mr-3 img-48\"><img decoding=\"async\" class=\"wpdm_icon\" alt=\"Icono\"   src=\"https:\/\/logros.ri.gob.do\/wp-content\/plugins\/download-manager\/assets\/file-type-icons\/pdf.svg\" \/><\/div>\n            <div class=\"media-body\">\n                <h3 class=\"package-title\"><a href='http:\/\/logros.ri.gob.do\/index.php\/download\/dnrt-dt-2023-002-recepcion-y-entrega\/'>DNRT-DT-2025-002 Recepci\u00f3n y Entrega.<\/a><\/h3>\n                <div class=\"text-muted text-small\"><i class=\"fas fa-copy\"><\/i> 1 archivo(s) <i class=\"fas fa-hdd ml-3\"><\/i> 591.15 KB<\/div>\n            <\/div>\n            <div class=\"ml-3\">\n                <a class='wpdm-download-link download-on-click btn btn-primary btn-sm' rel='nofollow' href='#' data-downloadurl=\"http:\/\/logros.ri.gob.do\/index.php\/download\/dnrt-dt-2023-002-recepcion-y-entrega\/?wpdmdl=448&refresh=69f1a8ca453641777445066\">Descargar<\/a>\n            <\/div>\n        <\/div>\n    <\/div>\n<\/div>\n\n<\/div><br \/>\n<div class='w3eden'><!-- WPDM Link Template: Default Template -->\n\n<div class=\"link-template-default card mb-2\">\n    <div class=\"card-body\">\n        <div class=\"media\">\n            <div class=\"mr-3 img-48\"><img decoding=\"async\" class=\"wpdm_icon\" alt=\"Icono\"   src=\"https:\/\/logros.ri.gob.do\/wp-content\/plugins\/download-manager\/assets\/file-type-icons\/pdf.svg\" \/><\/div>\n            <div class=\"media-body\">\n                <h3 class=\"package-title\"><a href='http:\/\/logros.ri.gob.do\/index.php\/download\/dnrt-dt-2023-001-requisitos-para-actuaciones-registrales\/'>DNRT-DT-2025-001  Anotaciones Preventivas, Inscripciones Provisionales y Anotaciones Informativas<\/a><\/h3>\n                <div class=\"text-muted text-small\"><i class=\"fas fa-copy\"><\/i> 1 archivo(s) <i class=\"fas fa-hdd ml-3\"><\/i> 517.58 KB<\/div>\n            <\/div>\n            <div class=\"ml-3\">\n                <a class='wpdm-download-link download-on-click btn btn-primary btn-sm' rel='nofollow' href='#' data-downloadurl=\"http:\/\/logros.ri.gob.do\/index.php\/download\/dnrt-dt-2023-001-requisitos-para-actuaciones-registrales\/?wpdmdl=446&refresh=69f1a8ca476671777445066\">Descargar<\/a>\n            <\/div>\n        <\/div>\n    <\/div>\n<\/div>\n\n<\/div><\/p>\n\n\n\n<h2 class=\"wp-block-heading has-text-align-center has-base-color has-text-color has-link-color has-ivymode-semibold-font-family wp-elements-71f96931570e301d9ecd7d665ae5b804\" style=\"padding-top:var(--wp--preset--spacing--x-small);padding-bottom:var(--wp--preset--spacing--x-small)\">Reglamentos<\/h2>\n\n\n<p><div class='w3eden'><!-- WPDM Link Template: Default Template -->\n\n<div class=\"link-template-default card mb-2\">\n    <div class=\"card-body\">\n        <div class=\"media\">\n            <div class=\"mr-3 img-48\"><img decoding=\"async\" class=\"wpdm_icon\" alt=\"Icono\"   src=\"https:\/\/logros.ri.gob.do\/wp-content\/plugins\/download-manager\/assets\/file-type-icons\/pdf.svg\" \/><\/div>\n            <div class=\"media-body\">\n                <h3 class=\"package-title\"><a href='http:\/\/logros.ri.gob.do\/index.php\/download\/resolucion-num-790-2022-reglamento-para-la-regularizacion-parcelaria-y-el-deslinde\/'>Resoluci\u00f3n n\u00fam. 790-2022 Reglamento para la regularizaci\u00f3n parcelaria y el deslinde.<\/a><\/h3>\n                <div class=\"text-muted text-small\"><i class=\"fas fa-copy\"><\/i> 1 archivo(s) <i class=\"fas fa-hdd ml-3\"><\/i> 982.23 KB<\/div>\n            <\/div>\n            <div class=\"ml-3\">\n                <a class='wpdm-download-link download-on-click btn btn-primary btn-sm' rel='nofollow' href='#' data-downloadurl=\"http:\/\/logros.ri.gob.do\/index.php\/download\/resolucion-num-790-2022-reglamento-para-la-regularizacion-parcelaria-y-el-deslinde\/?wpdmdl=1331&refresh=69f1a8ca49b371777445066\">Descargar<\/a>\n            <\/div>\n        <\/div>\n    <\/div>\n<\/div>\n\n<\/div><br \/>\n<div class='w3eden'><!-- WPDM Link Template: Default Template -->\n\n<div class=\"link-template-default card mb-2\">\n    <div class=\"card-body\">\n        <div class=\"media\">\n            <div class=\"mr-3 img-48\"><img decoding=\"async\" class=\"wpdm_icon\" alt=\"Icono\"   src=\"https:\/\/logros.ri.gob.do\/wp-content\/plugins\/download-manager\/assets\/file-type-icons\/pdf.svg\" \/><\/div>\n            <div class=\"media-body\">\n                <h3 class=\"package-title\"><a href='http:\/\/logros.ri.gob.do\/index.php\/download\/resolucion-num-789-2022-reglamento-general-de-mensuras-catastrales\/'>Resoluci\u00f3n n\u00fam. 789-2022 Reglamento General de Mensuras Catastrales.<\/a><\/h3>\n                <div class=\"text-muted text-small\"><i class=\"fas fa-copy\"><\/i> 1 archivo(s) <i class=\"fas fa-hdd ml-3\"><\/i> 4.07 MB<\/div>\n            <\/div>\n            <div class=\"ml-3\">\n                <a class='wpdm-download-link download-on-click btn btn-primary btn-sm' rel='nofollow' href='#' data-downloadurl=\"http:\/\/logros.ri.gob.do\/index.php\/download\/resolucion-num-789-2022-reglamento-general-de-mensuras-catastrales\/?wpdmdl=1330&refresh=69f1a8ca4c2611777445066\">Descargar<\/a>\n            <\/div>\n        <\/div>\n    <\/div>\n<\/div>\n\n<\/div><br \/>\n<div class='w3eden'><!-- WPDM Link Template: Default Template -->\n\n<div class=\"link-template-default card mb-2\">\n    <div class=\"card-body\">\n        <div class=\"media\">\n            <div class=\"mr-3 img-48\"><img decoding=\"async\" class=\"wpdm_icon\" alt=\"Icono\"   src=\"https:\/\/logros.ri.gob.do\/wp-content\/plugins\/download-manager\/assets\/file-type-icons\/pdf.svg\" \/><\/div>\n            <div class=\"media-body\">\n                <h3 class=\"package-title\"><a href='http:\/\/logros.ri.gob.do\/index.php\/download\/resolucion-num-788-2022-reglamento-general-de-registro-de-titulos\/'>Resoluci\u00f3n n\u00fam. 788-2022 Reglamento General de Registro de T\u00edtulos.<\/a><\/h3>\n                <div class=\"text-muted text-small\"><i class=\"fas fa-copy\"><\/i> 1 archivo(s) <i class=\"fas fa-hdd ml-3\"><\/i> 1.25 MB<\/div>\n            <\/div>\n            <div class=\"ml-3\">\n                <a class='wpdm-download-link download-on-click btn btn-primary btn-sm' rel='nofollow' href='#' data-downloadurl=\"http:\/\/logros.ri.gob.do\/index.php\/download\/resolucion-num-788-2022-reglamento-general-de-registro-de-titulos\/?wpdmdl=1329&refresh=69f1a8ca4e56f1777445066\">Descargar<\/a>\n            <\/div>\n        <\/div>\n    <\/div>\n<\/div>\n\n<\/div><br \/>\n<div class='w3eden'><!-- WPDM Link Template: Default Template -->\n\n<div class=\"link-template-default card mb-2\">\n    <div class=\"card-body\">\n        <div class=\"media\">\n            <div class=\"mr-3 img-48\"><img decoding=\"async\" class=\"wpdm_icon\" alt=\"Icono\"   src=\"https:\/\/logros.ri.gob.do\/wp-content\/plugins\/download-manager\/assets\/file-type-icons\/pdf.svg\" \/><\/div>\n            <div class=\"media-body\">\n                <h3 class=\"package-title\"><a href='http:\/\/logros.ri.gob.do\/index.php\/download\/resolucion-num-787-2022-reglamento-de-los-tribunales-superiores-de-tierras-y-de-jurisdiccion-original-del-registro-inmobiliario\/'>Resoluci\u00f3n n\u00fam. 787-2022, Reglamento de los Tribunales Superiores de Tierras y de Jurisdicci\u00f3n Original del Registro Inmobiliario.<\/a><\/h3>\n                <div class=\"text-muted text-small\"><i class=\"fas fa-copy\"><\/i> 1 archivo(s) <i class=\"fas fa-hdd ml-3\"><\/i> 2.15 MB<\/div>\n            <\/div>\n            <div class=\"ml-3\">\n                <a class='wpdm-download-link download-on-click btn btn-primary btn-sm' rel='nofollow' href='#' data-downloadurl=\"http:\/\/logros.ri.gob.do\/index.php\/download\/resolucion-num-787-2022-reglamento-de-los-tribunales-superiores-de-tierras-y-de-jurisdiccion-original-del-registro-inmobiliario\/?wpdmdl=1328&refresh=69f1a8ca507f21777445066\">Descargar<\/a>\n            <\/div>\n        <\/div>\n    <\/div>\n<\/div>\n\n<\/div><\/p>\n<\/div>\n<\/div>\n<\/div>\n<\/div>\n<\/div>\n","protected":false},"excerpt":{"rendered":"<p>Descargas Normativas de Mensuras Catastrales Libro Ley 108-05 de Registro Inmobiliario Normativas de Registro de T\u00edtulos Reglamentos<\/p>\n","protected":false},"author":1,"featured_media":0,"parent":0,"menu_order":0,"comment_status":"closed","ping_status":"closed","template":"","meta":{"footnotes":""},"class_list":["post-664","page","type-page","status-publish","hentry"],"_links":{"self":[{"href":"http:\/\/logros.ri.gob.do\/index.php\/wp-json\/wp\/v2\/pages\/664","targetHints":{"allow":["GET"]}}],"collection":[{"href":"http:\/\/logros.ri.gob.do\/index.php\/wp-json\/wp\/v2\/pages"}],"about":[{"href":"http:\/\/logros.ri.gob.do\/index.php\/wp-json\/wp\/v2\/types\/page"}],"author":[{"embeddable":true,"href":"http:\/\/logros.ri.gob.do\/index.php\/wp-json\/wp\/v2\/users\/1"}],"replies":[{"embeddable":true,"href":"http:\/\/logros.ri.gob.do\/index.php\/wp-json\/wp\/v2\/comments?post=664"}],"version-history":[{"count":42,"href":"http:\/\/logros.ri.gob.do\/index.php\/wp-json\/wp\/v2\/pages\/664\/revisions"}],"predecessor-version":[{"id":1530,"href":"http:\/\/logros.ri.gob.do\/index.php\/wp-json\/wp\/v2\/pages\/664\/revisions\/1530"}],"wp:attachment":[{"href":"http:\/\/logros.ri.gob.do\/index.php\/wp-json\/wp\/v2\/media?parent=664"}],"curies":[{"name":"wp","href":"https:\/\/api.w.org\/{rel}","templated":true}]}}